-96) - (4/3 + -1). Suppose -z*u + 172 + 296 = 0. What is the greatest common factor of u and 39?
39
Let a = 457 + -407. Suppose -4*m = -4*j + 1288, 5*m = -52*j + 50*j + 665. Calculate the greatest common factor of a and j.
25
Let n = 3970 - 3320. What is the greatest common divisor of n and 455?
65
Let q(k) = 2*k**3 + 4*k**2 - 36*k + 6. Let h be q(-8). Let l be h/2*((-14)/42 - 0). What is the greatest common factor of 1027 and l?
79
Suppose 2*a - 221 = -67 + 84. Let j = -14 + 21. What is the highest common divisor of a and j?
7
Suppose -c + 46 = 3*n, -5*n = 5*c - 3*c - 97. Suppose 5*s = -2*y - 1 + c, 8 = 2*s + 4*y. Calculate the highest common divisor of s and 434.
14
Let u be (-8602)/(-12) - -1*5/30. Let j = u + -365. What is the highest common divisor of 22 and j?
22
Suppose -57086 = -20*n + 4914. What is the greatest common factor of 186 and n?
62
Suppose -220 = 3*o + 1238. Let c = o - -500. What is the greatest common divisor of 7 and c?
7
Let a be ((-3)/((-9)/(-33)))/(51/(-3774)). Calculate the highest common divisor of a and 143.
11
Suppose 23*m = 6577 + 10788. What is the highest common divisor of m and 5?
5
Suppose -4*r - 4*p = -704, -2*p + 671 = 4*r - 41. Suppose z + 3 = 0, 3*o + 4*z - 15 = 81. What is the greatest common divisor of o and r?
36
Let d(y) = -y - 1. Let g be d(-9). Let f = g - -73. Let z(u) = -u**2 - 6*u + 1. Let n be z(-4). Calculate the greatest common factor of n and f.
9
Let b = 6424 + -5849. Suppose -29*h + 23 = -28*h. Calculate the highest common divisor of h and b.
23
Let d be -4*18/(-24)*(-5)/(-3). Suppose -4*m - 40 = 7*j - 3*j, -d*m = j + 50. Let q be 4/(-8) - 365/m. What is the highest common factor of q and 288?
36
Let s be (-46 - 19)*12/(-15). Suppose -s*q = 443 - 3043. Calculate the highest common divisor of 1 and q.
1
Let x = 17040 - 15955. What is the highest common factor of 45 and x?
5
Suppose -4*h + 140 = -5*p, -33*p = -36*p. Let k be 5870/h + 2*5/35. Calculate the greatest common factor of k and 224.
56
Let k = -11 + 69. Suppose -2*i = -2*w + 4*w - 38, -69 = -w + 4*i. What is the highest common factor of k and w?
29
Let x be 238/4 - (-2)/4. Let z = -191081 + 191241. Calculate the highest common factor of z and x.
20
Suppose 84*d - 27140 = -5972. Calculate the highest common factor of d and 1953.
63
Let l be (8*1)/((-711)/(-711)). Let c be (7 + 1)*12/2. Calculate the highest common divisor of l and c.
8
Let w be (-36)/(((-6)/10)/(100/125)). Let d(z) = -z**2 + 7*z - 9. Let m be d(10). Let q = w + m. What is the greatest common factor of 18 and q?
9
Suppose 3*o + 2*d = 762, -2*o = -5*d - 326 - 163. Let l = 158044 - 157988. What is the greatest common factor of l and o?
28
Let u = 90 - 50. Let m(j) = 8 - 8*j + 7 - u + 3. Let y be m(-6). Calculate the highest common factor of 208 and y.
26
Let n = -11 - -35. Suppose -53 = 551*s - 552*s - y, 113 = 2*s + y. What is the highest common factor of n and s?
12
Suppose 39705 = 3*y - 2*s, -9 = 287*s - 290*s. Calculate the greatest common factor of 217 and y.
217
Let h = -7796 + 7931. What is the highest common factor of 846 and h?
9
Let f be -1*-2*(-61)/2. Let r = 68 + f. Suppose 20 = x - r. What is the greatest common divisor of 216 and x?
27
Suppose 4*h - 6*o = -11*o + 1645, 0 = -5*h + 2*o + 2015. Let c(b) = -6*b + 54. Let r be c(4). Calculate the greatest common factor of h and r.
15
Let r(q) = 59*q - 4. Let d be r(4). Let w(h) = -h - 7*h + 65 + 0 + 12. Let c be w(6). Calculate the greatest common divisor of c and d.
29
Let l be 31448/72 - (-6)/27. Let y = l + -338. What is the greatest common factor of y and 231?
33
Let f be (1 - (-7)/(-2))*156/(-65). Let p = f + -11. Let j be 106 - (-3)/15*p. What is the greatest common divisor of 15 and j?
15
Let u(o) = -3*o**2 + 255*o - 36. Let b be u(78). What is the highest common factor of 162 and b?
18
Let k(c) = -10*c**3 + 3*c**2 + 18*c - 2. Let x be k(-5). What is the greatest common divisor of 18 and x?
9
Let l(r) = -r**3 - 2*r**2 - 9*r + 45. Let x be l(0). Calculate the greatest common factor of x and 255.
15
Let p be 174/4 - 1/(-2). Suppose g + 0*g = p. Suppose 5*u - 101 - 417 = -3*j, -5*u - 890 = -5*j. What is the greatest common factor of j and g?
44
Let l = 127 - 128. Let p be ((l - -1) + 34)/((-6)/(-66)). Calculate the highest common factor of p and 22.
22
Let g = -64985 - -64989. Let c(u) = u**2 - u - 2. Let j be c(3). What is the highest common factor of g and j?
4
Suppose 4*c + y - 40022 = 0, -4*y + 14143 = c + 4115. What is the greatest common divisor of c and 820?
164
Let u(p) = -p**3 + 9*p**2 - 4*p + 6. Let h be u(7). Suppose -7*q + 11*q + h = 0. Let w = 31 + q. Calculate the highest common divisor of 12 and w.
12
Let o be 180/(8 - -1) - 9. Calculate the greatest common divisor of o and 7227.
11
Let q(j) = j**2 + 20*j - 14. Let y be q(7). Suppose -3*z = -s - 0*s + 31, 4*z = 2*s - 58. What is the highest common factor of s and y?
25
Let o = 572 - 590. Let w be (-525)/o + 35/42. Calculate the greatest common divisor of 6 and w.
6
Let r be (186 + -3)*(-7)/(21/(-86)). Calculate the highest common factor of 344 and r.
86
Let y be ((-41760)/(-2880))/(1003/1002 + -1). Calculate the highest common divisor of y and 87.
87
Suppose -4*c - j = -15769, 8713 = 2*c + 5*j + 860. What is the highest common factor of c and 1088?
136
Let i = 4379 + -4104. Calculate the highest common factor of i and 3.
1
Let u be ((-306)/119)/(6/(-1372)) + -3. Let f = -68 + 133. What is the highest common factor of f and u?
65
Let b(c) = 3*c + 64. Let h be b(-18). Let r be ((-80)/12)/(4/(-18)). Suppose y = 4*y - r. What is the greatest common factor of y and h?
10
Suppose -24*i + 3*i + 100 = -152. Calculate the highest common factor of i and 1545.
3
Let q be -1 + 1 + (6 - 6/6) + 720. What is the greatest common divisor of q and 1218?
29
Let o(d) = 44*d + 227. Let j be o(-5). Suppose j*v = -2*v + 5472. What is the greatest common factor of v and 38?
38
Let i(b) be the first derivative of -13*b**2 + 10*b - 64. Let c be i(-5). What is the highest common divisor of c and 350?
70
Let u = -6 - -10. Suppose -10*z - 277 = -13*z - 5*h, -u*h + 8 = 0. What is the highest common divisor of 801 and z?
89
Let y(t) = -t**3 + 7*t**2 + 4. Let b be y(7). Let p = 40 - -7. Suppose u + p = b*r - 26, -5*u - 77 = -4*r. What is the highest common factor of r and 81?
9
Suppose -427 = -20*b + 73. Let p(t) = 458*t**2 - 7*t - 1. Let l be p(1). Calculate the greatest common factor of b and l.
25
Let o(u) = 3*u**2 + 16*u - 2. Let b be o(-11). Let a = 233 - b. What is the highest common factor of 528 and a?
48
Let s = 1339 - 1320. Suppose -2*w + 602 = 5*a - 1023, 4*w = 20. Calculate the greatest common divisor of s and a.
19
Let h(n) = -2*n**2 - 12*n - 28. Let a be h(-5). Let y(u) = u**2 + 18*u + 20. Let l be y(a). Calculate the greatest common divisor of 260 and l.
20
Let u be 2512907/723 + 2/(-3). Calculate the greatest common factor of u and 50.
25
Let u be -35*(2528/(-80) - -13). What is the greatest common factor of 465 and u?
93
Let v be 0 - ((-2 - 9515) + (14 - (-273)/(-21))). What is the highest common factor of 156 and v?
156
Suppose 21 = -7*c + 329. Let r be (c/(-6))/(4/(-42)). Calculate the greatest common divisor of 308 and r.
77
Let b(j) = -193*j - 2. Let x be b(-1). Let n = -167 + x. What is the greatest common divisor of n and 252?
12
Let c(o) = 3*o**3 - 7*o**2 - 15*o - 15. Let j = -48 - -55. Let u be c(j). Suppose 6*a = -38 + u. Calculate the highest common divisor of a and 8.
8
Let r(h) = h**2 - 4*h + 2. Let p be r(3). Let f(x) = -13*x + 1. Let m be f(p). Let w = 5046 - 5044. Calculate the greatest common factor of w and m.
2
Suppose 5*f - 11790 = 5865. What is the greatest common factor of 165 and f?
33
Let g be -20*(2/10 - -13)*(-8)/2. What is the greatest common factor of 3102 and g?
66
Suppose -79663 + 156826 = 17*s. Calculate the highest common divisor of 17 and s.
17
Let i be (-26)/(28/(-8) - -3). Let q(s) = 32*s**3 - s**2 - s + 2. Let d be q(1). Calculate the greatest common factor of d and i.
4
Suppose 23*h = 28*h - 865. Suppose 43 = 4*a - h. Let u = -27 - -621. What is the greatest common factor of u and a?
54
Suppose -582*b + 596*b = 910. Calculate the greatest common divisor of 143 and b.
13
Let r be (-2 + 1)*(-39)/1. Suppose -5*a + 12*h = 